Let d be 266/(-4)*(400/70 + -6). Calculate the highest common factor of f and d.
19
Let q be 16/6*(-27)/(-12). Suppose -8 = -5*t - 33. Let y = t - -20. What is the greatest common factor of q and y?
3
Let a(y) = 56*y**2 + 16*y + 52. Let q be a(-5). Calculate the greatest common divisor of 14 and q.
14
Suppose 4*w = w. Let a be 3/6*w/(-1). Let v be a/2 - (4 + -26). Calculate the highest common factor of 33 and v.
11
Let d(g) be the first derivative of 7*g**3/3 - g**2 + 3*g - 17. Let v be d(5). Calculate the highest common divisor of 24 and v.
24
Suppose -4*o + 72 = 4*c, -c + 12 = o + 3*c. Suppose -4*g + 6*g = 0. Suppose -6*f - 207 + 507 = g. Calculate the highest common divisor of o and f.
10
Let w = -2029 + 2114. Calculate the highest common divisor of 119 and w.
17
Let i be 2/(-4) - 27/(-6). Let x = 2 + i. Let u = x + 45. Calculate the greatest common factor of 17 and u.
17
Suppose 1 = -4*i + 33. Suppose -5*l + i = -17. Suppose l*m + a = -a + 1009, 2*m + 2*a - 400 = 0. Calculate the greatest common divisor of m and 29.
29
Let a(r) = 4*r + 45. Let b be a(-11). Let i be (0 - -4)/((-8)/(-3 - b)). What is the highest common factor of i and 8?
2
Let k(g) = 8*g**2 + 6*g**2 + 4*g**2 + 4 - 15*g**2 + g**2 - 10*g. Let z = -9 + 16. Let p be k(z). Calculate the highest common divisor of 26 and p.
26
Let u be 4/((1/(-5))/((-24)/80)). What is the greatest common divisor of u and 48?
6
Suppose 0 = -7*c + 66*c - 295. Calculate the greatest common factor of 65 and c.
5
Suppose 0 = -5*a - 4 + 24. Suppose -3*w - h = -6*h - 1170, -390 = -w - a*h. Suppose -m + 4*m = w. Calculate the greatest common factor of m and 52.
26
Let o = 8 - -1. Suppose -2*g + 63 = -o. Calculate the highest common factor of 9 and g.
9
Suppose -i = 27 - 167. Suppose -w + 44 = -4*d, 2*w = -2*d + 6*d + 100. Calculate the greatest common divisor of w and i.
28
Let s be -1*50 + 0*3/(-9). Let n = s - -65. What is the highest common divisor of 45 and n?
15
Suppose -4*j = 3*b + 10, 0 = -0*b - 2*b - 4*j - 12. Suppose b*y = -5*f - 3, 4*y = y + 3*f + 27. Calculate the highest common factor of 48 and y.
6
Let a be ((-108)/(-42))/((-2)/(-336)). Suppose 2*z = -2*v + v + 144, 3*v = 3*z + a. Suppose 37*w = 46*w - 162. What is the greatest common factor of v and w?
18
Suppose 5660 + 4780 = 8*u. What is the greatest common factor of u and 90?
45
Suppose 0 = -5*r + 2*y + 11 + 49, 4*y - 34 = -r. Let t(q) = -q + 2. Let x be t(-1). Suppose 0 = -0*j + x*j - 336. What is the highest common divisor of j and r?
14
Let k(l) = -l**3 - 16*l**2 - l + 22. Let p be k(-16). Let m be (-10)/20 - p/(-4). Calculate the highest common divisor of m and 3.
3
Let v(s) = -6*s**2 + 2*s - 1. Let f be v(1). Let a be (66/f)/((-2)/5). Let i be (-6)/a - (-580)/44. Calculate the highest common factor of 13 and i.
13
Let d = 7 + -6. Let v be 1 + -2 - -3*d. Let p be -2 + v/((-2)/(-11)). Calculate the highest common factor of p and 9.
9
Suppose 156 = 2*c - 4*v, -3*c + 169 = 4*v - 25. What is the highest common divisor of 98 and c?
14
Let r be (4 - -1) + (45 - 11 - 7). What is the highest common divisor of r and 4?
4
Suppose 7*t = 2*t + 260. Suppose -2*p = d - t, 40 = 3*p - 2*d - 24. Calculate the highest common divisor of p and 6.
6
Let i be (16/(-40))/((-2)/610). What is the greatest common factor of 2 and i?
2
Let s = -34 + 40. Let j(b) = -b**3 + 6*b**2 + 22. Let d be j(s). What is the highest common divisor of 66 and d?
22
Suppose 414 = -0*n - n. Let j be 2/(-4) - (1 + n/12). Calculate the greatest common factor of j and 3.
3
Let p = 131 - 12. What is the greatest common divisor of 21 and p?
7
Let u = -317 + 342. Suppose 0 = 2*i + 2*t + 143 - 339, 4*t = -8. What is the greatest common factor of i and u?
25
Suppose -38*n + 2385 = 15*n. Calculate the highest common divisor of 9 and n.
9
Suppose 0 = -8*w + 62 - 38. Let j = -2 - -5. Suppose f = -j*f + 132. Calculate the greatest common divisor of w and f.
3
Let z(l) = l**2 - 2*l + 3. Let q be z(-3). Let m be 6/(-51) + 1550/170. What is the greatest common factor of q and m?
9
Suppose -3*p + 5*c + 1387 = 0, -2*p = -0*p + 4*c - 954. Calculate the highest common factor of 7 and p.
7
Suppose 7*v = 59 + 130. Suppose 4*o - 1093 = -c + 98, 3*o - 894 = -c. Calculate the highest common divisor of v and o.
27
Suppose f - 160*c - 69 = -155*c, 5*f - 324 = 4*c. Suppose -16 = -j - 3*j. What is the highest common divisor of j and f?
4
Let w(v) = -2*v**2 - v + 20. Let d be w(-6). Let s be (d/(-8))/(1/4). Calculate the greatest common divisor of 207 and s.
23
Let r be (9/6)/(1/2). Suppose -5*m + r = -27. Let l be (-10 - -12) + (-4)/(-1*2). Calculate the highest common divisor of m and l.
2
Let j be (-55)/11 + 69/3. What is the greatest common factor of 90 and j?
18
Let b(x) = -x**2 - 28*x - 143. Let a be b(-15). Calculate the highest common divisor of 2 and a.
2
Let m(f) = 3*f**2 + 6*f + 21. Let a be m(-5). Calculate the highest common divisor of a and 6.
6
Suppose 25 - 15 = 5*b. Let w(l) = -5*l**2 + 2 + 4 + 0*l**2 + l**3 + 6*l - l**b. Let n be w(5). What is the greatest common factor of n and 11?
11
Let c(m) = 4*m - 8. Let d be c(4). Suppose -11*t = -12*t + 24. Calculate the greatest common factor of d and t.
8
Let a = 23 - 1. Let h = 3286 + -3132. What is the highest common factor of h and a?
22
Let o(y) = -y**3 + y**2 + y. Let n(l) = -3*l**3 - 14*l**2 + 5*l + 12. Let j(q) = -n(q) + 2*o(q). Let u be j(-16). What is the highest common divisor of 4 and u?
4
Suppose -5*l + 800 = -b - 3*b, 5*l + b = 825. Suppose z - 105 = x, -2*z = -5*x - 37 - l. What is the highest common divisor of z and 12?
12
Suppose -5*l + v + 32 = -43, 0 = -l + 5*v + 39. Suppose l*p - 18 = 13*p. Calculate the greatest common factor of 36 and p.
18
Suppose 10*g + 12 = 6*g. Let i be g*25/6*(2 - 10). What is the highest common factor of 50 and i?
50
Suppose 2*m = -5*b + 43, 3*m = 2*m + 5*b + 14. Let r = -10 + m. What is the highest common divisor of r and 27?
9
Let l(s) = s + 11. Let u be l(-13). Let o be (u - -3) + (9 - 2). Let c = o + 5. What is the greatest common divisor of 13 and c?
13
Suppose 5*j - 30 = -4*z + 106, 12 = j - 3*z. Calculate the greatest common factor of j and 40.
8
Let q(i) = 6*i - i**3 - 3*i**2 + 2*i**2 + 5*i**2 + 5. Let w be q(5). Suppose -6*h - 47 = -197. What is the greatest common factor of w and h?
5
Suppose -2*l = -2*z - 92, -138 = -l - 2*l - z. Let j = l + -25. Calculate the greatest common factor of j and 147.
21
Let i(d) = 13*d + 2. Let h be i(-8). Let m = 277 + -424. Let z = h - m. Calculate the greatest common factor of z and 15.
15
Let p(d) = -d**3 - 4*d**2 - 5*d + 4. Let f(b) = 2*b - 22. Let t be f(9). Let j be p(t). Calculate the highest common divisor of j and 12.
12
Suppose a = 2*a + 2*y - 5, -5*a - 4*y = -43. Calculate the highest common factor of 1 and a.
1
Let i be (405/(-45))/((-3)/23). What is the greatest common divisor of 621 and i?
69
Let x = -142 + 204. Let s be (-6)/(-15)*(-2 + x). What is the highest common divisor of s and 16?
8
Let j(l) = l**3 - l**2 + 80. Let b = -18 + 18. Let a be j(b). Suppose -3*i + 80 = -i + 4*c, -2*i + a = -c. Calculate the highest common divisor of 20 and i.
20
Let h = 2161 - 2056. Let m(l) = l**2 + 7*l - 8. Let t be m(6). Calculate the greatest common factor of h and t.
35
Let s(j) = j**2 - 10*j - 12. Let w be s(9). Let n = w + 23. Suppose -52 = -4*z + 3*h, -n*h = -5*z + 2*h + 66. What is the highest common factor of z and 80?
10
Let m(o) = o**3 + 7*o**2 - 4*o + 34. Let y be m(-8). What is the highest common divisor of y and 38?
2
Let h = -18 - -1. Let y = h - -21. Let j be (-107)/(-4) + 1/y. What is the greatest common divisor of j and 189?
27
Suppose 3*t - 8 + 2 = 0. Suppose -9 = -3*r, -2*b - t*r = -4*r. Suppose f - 13 = x, -f + b + 2 = -5*x. Calculate the greatest common divisor of f and 5.
5
Let u(b) = b**2 + 4*b + 6. Let r be u(-3). Suppose -r*m - 34 = -4*y, 5*m = -2*y - 2*y + 18. What is the greatest common divisor of y and 56?
7
Let g = -14 + 24. Let j = 13 - g. What is the highest common divisor of 3 and j?
3
Suppose -4 = -6*u + 20. Suppose -4*p + 6*p = u*m + 24, 12 = p + 4*m. What is the greatest common divisor of p and 4?
4
Suppose 4*q - 63 - 1 = 0. Let d be (10/(-8))/(q/(-320)). Suppose -3*r = r + 5*c - 695, -2*c = 2. Calculate the highest common di